{"id":686,"date":"2023-08-09T07:50:05","date_gmt":"2023-08-09T07:50:05","guid":{"rendered":"https:\/\/roger-peltzer.com\/romero-christian-initiative\/"},"modified":"2024-06-15T16:12:03","modified_gmt":"2024-06-15T16:12:03","slug":"romero-christian-initiative","status":"publish","type":"page","link":"https:\/\/roger-peltzer.com\/en\/romero-christian-initiative\/","title":{"rendered":"Romero Christian Initiative"},"content":{"rendered":"<figure class=\"wp-block-post-featured-image\"><img loading=\"lazy\" decoding=\"async\" width=\"1920\" height=\"1080\" src=\"https:\/\/roger-peltzer.com\/wp-content\/uploads\/2023\/08\/CIR-MRV-Fonds-ohneLogo.png\" class=\"attachment-post-thumbnail size-post-thumbnail wp-post-image\" alt=\"\" style=\"object-fit:cover;\" srcset=\"https:\/\/roger-peltzer.com\/wp-content\/uploads\/2023\/08\/CIR-MRV-Fonds-ohneLogo.png 1920w, https:\/\/roger-peltzer.com\/wp-content\/uploads\/2023\/08\/CIR-MRV-Fonds-ohneLogo-300x169.png 300w, https:\/\/roger-peltzer.com\/wp-content\/uploads\/2023\/08\/CIR-MRV-Fonds-ohneLogo-1024x576.png 1024w, https:\/\/roger-peltzer.com\/wp-content\/uploads\/2023\/08\/CIR-MRV-Fonds-ohneLogo-768x432.png 768w, https:\/\/roger-peltzer.com\/wp-content\/uploads\/2023\/08\/CIR-MRV-Fonds-ohneLogo-1536x864.png 1536w\" sizes=\"auto, (max-width: 1920px) 100vw, 1920px\" \/><\/figure>\n<p>Repression against human rights defenders and their work is increasing worldwide. They are persecuted, stigmatized, unjustly arrested, injured or even murdered. Central America is one of the most dangerous regions for human rights defenders. Environmentalists, women and indigenous people in particular are at high risk.<\/p>\n\n<p><strong>These courageous individuals and the ever-shrinking room for maneuver for civil society must be protected!<\/strong><\/p>\n\n<p>In addition to our long-standing commitment to organizations and individuals defending human rights, we are now also providing rapid and direct assistance through our <strong>Human Rights Defenders Fund<\/strong>! The money from this newly established fund supports activists and civil society organizations in emergency situations.<\/p>\n\n<div class=\"wp-block-buttons is-content-justification-center is-layout-flex wp-container-core-buttons-is-layout-16018d1d wp-block-buttons-is-layout-flex\">\n<div class=\"wp-block-button has-custom-width wp-block-button__width-50\"><a class=\"wp-block-button__link wp-element-button\" href=\"https:\/\/www.ci-romero.de\/spenden\/mrv-fonds\/\" target=\"_blank\" rel=\"noreferrer noopener\">Support now<\/a><\/div>\n<\/div>\n","protected":false},"excerpt":{"rendered":"<p>Repression against human rights defenders and their work is increasing worldwide. They are persecuted, stigmatized, unjustly arrested, injured or even murdered. Central America is one of the most dangerous regions for human rights defenders. Environmentalists, women and indigenous people in<\/p>\n","protected":false},"author":2,"featured_media":483,"parent":0,"menu_order":0,"comment_status":"closed","ping_status":"closed","template":"","meta":{"footnotes":""},"class_list":["post-686","page","type-page","status-publish","has-post-thumbnail","hentry"],"yoast_head":"<!-- This site is optimized with the Yoast SEO plugin v27.5 - https:\/\/yoast.com\/product\/yoast-seo-wordpress\/ -->\n<title>Romero Christian Initiative - Foreign and Development Policy<\/title>\n<meta name=\"description\" content=\"Foreign and development policy blog by Roger Peltzer on the topics of fragile states, human rights and Latin America.\" \/>\n<meta name=\"robots\" content=\"index, follow, max-snippet:-1, max-image-preview:large, max-video-preview:-1\" \/>\n<link rel=\"canonical\" href=\"https:\/\/roger-peltzer.com\/en\/romero-christian-initiative\/\" \/>\n<meta property=\"og:locale\" content=\"en_US\" \/>\n<meta property=\"og:type\" content=\"article\" \/>\n<meta property=\"og:title\" content=\"Romero Christian Initiative - Foreign and Development Policy\" \/>\n<meta property=\"og:description\" content=\"Foreign and development policy blog by Roger Peltzer on the topics of fragile states, human rights and Latin America.\" \/>\n<meta property=\"og:url\" content=\"https:\/\/roger-peltzer.com\/en\/romero-christian-initiative\/\" \/>\n<meta property=\"og:site_name\" content=\"Foreign and Development Policy\" \/>\n<meta property=\"article:modified_time\" content=\"2024-06-15T16:12:03+00:00\" \/>\n<meta property=\"og:image\" content=\"https:\/\/roger-peltzer.com\/wp-content\/uploads\/2023\/08\/CIR-MRV-Fonds-ohneLogo-1024x576.png\" \/>\n\t<meta property=\"og:image:width\" content=\"1024\" \/>\n\t<meta property=\"og:image:height\" content=\"576\" \/>\n\t<meta property=\"og:image:type\" content=\"image\/png\" \/>\n<meta name=\"twitter:card\" content=\"summary_large_image\" \/>\n<meta name=\"twitter:label1\" content=\"Est. reading time\" \/>\n\t<meta name=\"twitter:data1\" content=\"1 minute\" \/>\n<script type=\"application\/ld+json\" class=\"yoast-schema-graph\">{\"@context\":\"https:\\\/\\\/schema.org\",\"@graph\":[{\"@type\":\"WebPage\",\"@id\":\"https:\\\/\\\/roger-peltzer.com\\\/en\\\/romero-christian-initiative\\\/\",\"url\":\"https:\\\/\\\/roger-peltzer.com\\\/en\\\/romero-christian-initiative\\\/\",\"name\":\"Romero Christian Initiative - Foreign and Development Policy\",\"isPartOf\":{\"@id\":\"https:\\\/\\\/roger-peltzer.com\\\/en\\\/#website\"},\"primaryImageOfPage\":{\"@id\":\"https:\\\/\\\/roger-peltzer.com\\\/en\\\/romero-christian-initiative\\\/#primaryimage\"},\"image\":{\"@id\":\"https:\\\/\\\/roger-peltzer.com\\\/en\\\/romero-christian-initiative\\\/#primaryimage\"},\"thumbnailUrl\":\"https:\\\/\\\/roger-peltzer.com\\\/wp-content\\\/uploads\\\/2023\\\/08\\\/CIR-MRV-Fonds-ohneLogo.png\",\"datePublished\":\"2023-08-09T07:50:05+00:00\",\"dateModified\":\"2024-06-15T16:12:03+00:00\",\"description\":\"Foreign and development policy blog by Roger Peltzer on the topics of fragile states, human rights and Latin America.\",\"breadcrumb\":{\"@id\":\"https:\\\/\\\/roger-peltzer.com\\\/en\\\/romero-christian-initiative\\\/#breadcrumb\"},\"inLanguage\":\"en-US\",\"potentialAction\":[{\"@type\":\"ReadAction\",\"target\":[\"https:\\\/\\\/roger-peltzer.com\\\/en\\\/romero-christian-initiative\\\/\"]}]},{\"@type\":\"ImageObject\",\"inLanguage\":\"en-US\",\"@id\":\"https:\\\/\\\/roger-peltzer.com\\\/en\\\/romero-christian-initiative\\\/#primaryimage\",\"url\":\"https:\\\/\\\/roger-peltzer.com\\\/wp-content\\\/uploads\\\/2023\\\/08\\\/CIR-MRV-Fonds-ohneLogo.png\",\"contentUrl\":\"https:\\\/\\\/roger-peltzer.com\\\/wp-content\\\/uploads\\\/2023\\\/08\\\/CIR-MRV-Fonds-ohneLogo.png\",\"width\":1920,\"height\":1080},{\"@type\":\"BreadcrumbList\",\"@id\":\"https:\\\/\\\/roger-peltzer.com\\\/en\\\/romero-christian-initiative\\\/#breadcrumb\",\"itemListElement\":[{\"@type\":\"ListItem\",\"position\":1,\"name\":\"Home\",\"item\":\"https:\\\/\\\/roger-peltzer.com\\\/en\\\/\"},{\"@type\":\"ListItem\",\"position\":2,\"name\":\"Romero Christian Initiative\"}]},{\"@type\":\"WebSite\",\"@id\":\"https:\\\/\\\/roger-peltzer.com\\\/en\\\/#website\",\"url\":\"https:\\\/\\\/roger-peltzer.com\\\/en\\\/\",\"name\":\"Foreign and Development Policy\",\"description\":\"Roger Peltzer\",\"publisher\":{\"@id\":\"https:\\\/\\\/roger-peltzer.com\\\/en\\\/#\\\/schema\\\/person\\\/6506ec1961bde1e8ad9521e95d6a8dac\"},\"potentialAction\":[{\"@type\":\"SearchAction\",\"target\":{\"@type\":\"EntryPoint\",\"urlTemplate\":\"https:\\\/\\\/roger-peltzer.com\\\/en\\\/?s={search_term_string}\"},\"query-input\":{\"@type\":\"PropertyValueSpecification\",\"valueRequired\":true,\"valueName\":\"search_term_string\"}}],\"inLanguage\":\"en-US\"},{\"@type\":[\"Person\",\"Organization\"],\"@id\":\"https:\\\/\\\/roger-peltzer.com\\\/en\\\/#\\\/schema\\\/person\\\/6506ec1961bde1e8ad9521e95d6a8dac\",\"name\":\"Roger Peltzer\",\"image\":{\"@type\":\"ImageObject\",\"inLanguage\":\"en-US\",\"@id\":\"https:\\\/\\\/roger-peltzer.com\\\/wp-content\\\/uploads\\\/2023\\\/09\\\/roger-peltzer-weltjugendtag-square.jpg\",\"url\":\"https:\\\/\\\/roger-peltzer.com\\\/wp-content\\\/uploads\\\/2023\\\/09\\\/roger-peltzer-weltjugendtag-square.jpg\",\"contentUrl\":\"https:\\\/\\\/roger-peltzer.com\\\/wp-content\\\/uploads\\\/2023\\\/09\\\/roger-peltzer-weltjugendtag-square.jpg\",\"caption\":\"Roger Peltzer\"},\"logo\":{\"@id\":\"https:\\\/\\\/roger-peltzer.com\\\/wp-content\\\/uploads\\\/2023\\\/09\\\/roger-peltzer-weltjugendtag-square.jpg\"},\"description\":\"[wpml-string context=\\\"pb-bioinfo\\\" name=\\\"info-1\\\"]70 Jahre alt, verheiratet, 3 Kinder und 4 Enkelkinder. Ich habe an der Universit\u00e4t M\u00fcnster Volkswirtschaft studiert und anschlie\u00dfend den postgraduierten Kurs am deutschen Institut f\u00fcr Entwicklungspolitik (heute IDOS) absolviert.[\\\/wpml-string]\",\"sameAs\":[\"https:\\\/\\\/roger-peltzer.com\\\/ueber-mich\\\/\"]}]}<\/script>\n<!-- \/ Yoast SEO plugin. -->","yoast_head_json":{"title":"Romero Christian Initiative - Foreign and Development Policy","description":"Foreign and development policy blog by Roger Peltzer on the topics of fragile states, human rights and Latin America.","robots":{"index":"index","follow":"follow","max-snippet":"max-snippet:-1","max-image-preview":"max-image-preview:large","max-video-preview":"max-video-preview:-1"},"canonical":"https:\/\/roger-peltzer.com\/en\/romero-christian-initiative\/","og_locale":"en_US","og_type":"article","og_title":"Romero Christian Initiative - Foreign and Development Policy","og_description":"Foreign and development policy blog by Roger Peltzer on the topics of fragile states, human rights and Latin America.","og_url":"https:\/\/roger-peltzer.com\/en\/romero-christian-initiative\/","og_site_name":"Foreign and Development Policy","article_modified_time":"2024-06-15T16:12:03+00:00","og_image":[{"width":1024,"height":576,"url":"https:\/\/roger-peltzer.com\/wp-content\/uploads\/2023\/08\/CIR-MRV-Fonds-ohneLogo-1024x576.png","type":"image\/png"}],"twitter_card":"summary_large_image","twitter_misc":{"Est. reading time":"1 minute"},"schema":{"@context":"https:\/\/schema.org","@graph":[{"@type":"WebPage","@id":"https:\/\/roger-peltzer.com\/en\/romero-christian-initiative\/","url":"https:\/\/roger-peltzer.com\/en\/romero-christian-initiative\/","name":"Romero Christian Initiative - Foreign and Development Policy","isPartOf":{"@id":"https:\/\/roger-peltzer.com\/en\/#website"},"primaryImageOfPage":{"@id":"https:\/\/roger-peltzer.com\/en\/romero-christian-initiative\/#primaryimage"},"image":{"@id":"https:\/\/roger-peltzer.com\/en\/romero-christian-initiative\/#primaryimage"},"thumbnailUrl":"https:\/\/roger-peltzer.com\/wp-content\/uploads\/2023\/08\/CIR-MRV-Fonds-ohneLogo.png","datePublished":"2023-08-09T07:50:05+00:00","dateModified":"2024-06-15T16:12:03+00:00","description":"Foreign and development policy blog by Roger Peltzer on the topics of fragile states, human rights and Latin America.","breadcrumb":{"@id":"https:\/\/roger-peltzer.com\/en\/romero-christian-initiative\/#breadcrumb"},"inLanguage":"en-US","potentialAction":[{"@type":"ReadAction","target":["https:\/\/roger-peltzer.com\/en\/romero-christian-initiative\/"]}]},{"@type":"ImageObject","inLanguage":"en-US","@id":"https:\/\/roger-peltzer.com\/en\/romero-christian-initiative\/#primaryimage","url":"https:\/\/roger-peltzer.com\/wp-content\/uploads\/2023\/08\/CIR-MRV-Fonds-ohneLogo.png","contentUrl":"https:\/\/roger-peltzer.com\/wp-content\/uploads\/2023\/08\/CIR-MRV-Fonds-ohneLogo.png","width":1920,"height":1080},{"@type":"BreadcrumbList","@id":"https:\/\/roger-peltzer.com\/en\/romero-christian-initiative\/#breadcrumb","itemListElement":[{"@type":"ListItem","position":1,"name":"Home","item":"https:\/\/roger-peltzer.com\/en\/"},{"@type":"ListItem","position":2,"name":"Romero Christian Initiative"}]},{"@type":"WebSite","@id":"https:\/\/roger-peltzer.com\/en\/#website","url":"https:\/\/roger-peltzer.com\/en\/","name":"Foreign and Development Policy","description":"Roger Peltzer","publisher":{"@id":"https:\/\/roger-peltzer.com\/en\/#\/schema\/person\/6506ec1961bde1e8ad9521e95d6a8dac"},"potentialAction":[{"@type":"SearchAction","target":{"@type":"EntryPoint","urlTemplate":"https:\/\/roger-peltzer.com\/en\/?s={search_term_string}"},"query-input":{"@type":"PropertyValueSpecification","valueRequired":true,"valueName":"search_term_string"}}],"inLanguage":"en-US"},{"@type":["Person","Organization"],"@id":"https:\/\/roger-peltzer.com\/en\/#\/schema\/person\/6506ec1961bde1e8ad9521e95d6a8dac","name":"Roger Peltzer","image":{"@type":"ImageObject","inLanguage":"en-US","@id":"https:\/\/roger-peltzer.com\/wp-content\/uploads\/2023\/09\/roger-peltzer-weltjugendtag-square.jpg","url":"https:\/\/roger-peltzer.com\/wp-content\/uploads\/2023\/09\/roger-peltzer-weltjugendtag-square.jpg","contentUrl":"https:\/\/roger-peltzer.com\/wp-content\/uploads\/2023\/09\/roger-peltzer-weltjugendtag-square.jpg","caption":"Roger Peltzer"},"logo":{"@id":"https:\/\/roger-peltzer.com\/wp-content\/uploads\/2023\/09\/roger-peltzer-weltjugendtag-square.jpg"},"description":"[wpml-string context=\"pb-bioinfo\" name=\"info-1\"]70 Jahre alt, verheiratet, 3 Kinder und 4 Enkelkinder. Ich habe an der Universit\u00e4t M\u00fcnster Volkswirtschaft studiert und anschlie\u00dfend den postgraduierten Kurs am deutschen Institut f\u00fcr Entwicklungspolitik (heute IDOS) absolviert.[\/wpml-string]","sameAs":["https:\/\/roger-peltzer.com\/ueber-mich\/"]}]}},"_links":{"self":[{"href":"https:\/\/roger-peltzer.com\/en\/wp-json\/wp\/v2\/pages\/686","targetHints":{"allow":["GET"]}}],"collection":[{"href":"https:\/\/roger-peltzer.com\/en\/wp-json\/wp\/v2\/pages"}],"about":[{"href":"https:\/\/roger-peltzer.com\/en\/wp-json\/wp\/v2\/types\/page"}],"author":[{"embeddable":true,"href":"https:\/\/roger-peltzer.com\/en\/wp-json\/wp\/v2\/users\/2"}],"replies":[{"embeddable":true,"href":"https:\/\/roger-peltzer.com\/en\/wp-json\/wp\/v2\/comments?post=686"}],"version-history":[{"count":2,"href":"https:\/\/roger-peltzer.com\/en\/wp-json\/wp\/v2\/pages\/686\/revisions"}],"predecessor-version":[{"id":691,"href":"https:\/\/roger-peltzer.com\/en\/wp-json\/wp\/v2\/pages\/686\/revisions\/691"}],"wp:featuredmedia":[{"embeddable":true,"href":"https:\/\/roger-peltzer.com\/en\/wp-json\/wp\/v2\/media\/483"}],"wp:attachment":[{"href":"https:\/\/roger-peltzer.com\/en\/wp-json\/wp\/v2\/media?parent=686"}],"curies":[{"name":"wp","href":"https:\/\/api.w.org\/{rel}","templated":true}]}}

<!-- This site is optimized with the Yoast SEO plugin v27.5 - https://yoast.com/product/yoast-seo-wordpress/ -->
<title>Romero Christian Initiative - Foreign and Development Policy</title>
<meta name="description" content="Foreign and development policy blog by Roger Peltzer on the topics of fragile states, human rights and Latin America." />
<meta name="robots" content="index, follow, max-snippet:-1, max-image-preview:large, max-video-preview:-1" />
<link rel="canonical" href="https://roger-peltzer.com/en/romero-christian-initiative/" />
<meta property="og:locale" content="en_US" />
<meta property="og:type" content="article" />
<meta property="og:title" content="Romero Christian Initiative - Foreign and Development Policy" />
<meta property="og:description" content="Foreign and development policy blog by Roger Peltzer on the topics of fragile states, human rights and Latin America." />
<meta property="og:url" content="https://roger-peltzer.com/en/romero-christian-initiative/" />
<meta property="og:site_name" content="Foreign and Development Policy" />
<meta property="article:modified_time" content="2024-06-15T16:12:03+00:00" />
<meta property="og:image" content="https://roger-peltzer.com/wp-content/uploads/2023/08/CIR-MRV-Fonds-ohneLogo-1024x576.png" />
	<meta property="og:image:width" content="1024" />
	<meta property="og:image:height" content="576" />
	<meta property="og:image:type" content="image/png" />
<meta name="twitter:card" content="summary_large_image" />
<meta name="twitter:label1" content="Est. reading time" />
	<meta name="twitter:data1" content="1 minute" />
<script type="application/ld+json" class="yoast-schema-graph">{"@context":"https:\/\/schema.org","@graph":[{"@type":"WebPage","@id":"https:\/\/roger-peltzer.com\/en\/romero-christian-initiative\/","url":"https:\/\/roger-peltzer.com\/en\/romero-christian-initiative\/","name":"Romero Christian Initiative - Foreign and Development Policy","isPartOf":{"@id":"https:\/\/roger-peltzer.com\/en\/#website"},"primaryImageOfPage":{"@id":"https:\/\/roger-peltzer.com\/en\/romero-christian-initiative\/#primaryimage"},"image":{"@id":"https:\/\/roger-peltzer.com\/en\/romero-christian-initiative\/#primaryimage"},"thumbnailUrl":"https:\/\/roger-peltzer.com\/wp-content\/uploads\/2023\/08\/CIR-MRV-Fonds-ohneLogo.png","datePublished":"2023-08-09T07:50:05+00:00","dateModified":"2024-06-15T16:12:03+00:00","description":"Foreign and development policy blog by Roger Peltzer on the topics of fragile states, human rights and Latin America.","breadcrumb":{"@id":"https:\/\/roger-peltzer.com\/en\/romero-christian-initiative\/#breadcrumb"},"inLanguage":"en-US","potentialAction":[{"@type":"ReadAction","target":["https:\/\/roger-peltzer.com\/en\/romero-christian-initiative\/"]}]},{"@type":"ImageObject","inLanguage":"en-US","@id":"https:\/\/roger-peltzer.com\/en\/romero-christian-initiative\/#primaryimage","url":"https:\/\/roger-peltzer.com\/wp-content\/uploads\/2023\/08\/CIR-MRV-Fonds-ohneLogo.png","contentUrl":"https:\/\/roger-peltzer.com\/wp-content\/uploads\/2023\/08\/CIR-MRV-Fonds-ohneLogo.png","width":1920,"height":1080},{"@type":"BreadcrumbList","@id":"https:\/\/roger-peltzer.com\/en\/romero-christian-initiative\/#breadcrumb","itemListElement":[{"@type":"ListItem","position":1,"name":"Home","item":"https:\/\/roger-peltzer.com\/en\/"},{"@type":"ListItem","position":2,"name":"Romero Christian Initiative"}]},{"@type":"WebSite","@id":"https:\/\/roger-peltzer.com\/en\/#website","url":"https:\/\/roger-peltzer.com\/en\/","name":"Foreign and Development Policy","description":"Roger Peltzer","publisher":{"@id":"https:\/\/roger-peltzer.com\/en\/#\/schema\/person\/6506ec1961bde1e8ad9521e95d6a8dac"},"potentialAction":[{"@type":"SearchAction","target":{"@type":"EntryPoint","urlTemplate":"https:\/\/roger-peltzer.com\/en\/?s={search_term_string}"},"query-input":{"@type":"PropertyValueSpecification","valueRequired":true,"valueName":"search_term_string"}}],"inLanguage":"en-US"},{"@type":["Person","Organization"],"@id":"https:\/\/roger-peltzer.com\/en\/#\/schema\/person\/6506ec1961bde1e8ad9521e95d6a8dac","name":"Roger Peltzer","image":{"@type":"ImageObject","inLanguage":"en-US","@id":"https:\/\/roger-peltzer.com\/wp-content\/uploads\/2023\/09\/roger-peltzer-weltjugendtag-square.jpg","url":"https:\/\/roger-peltzer.com\/wp-content\/uploads\/2023\/09\/roger-peltzer-weltjugendtag-square.jpg","contentUrl":"https:\/\/roger-peltzer.com\/wp-content\/uploads\/2023\/09\/roger-peltzer-weltjugendtag-square.jpg","caption":"Roger Peltzer"},"logo":{"@id":"https:\/\/roger-peltzer.com\/wp-content\/uploads\/2023\/09\/roger-peltzer-weltjugendtag-square.jpg"},"description":"[wpml-string context=\"pb-bioinfo\" name=\"info-1\"]70 Jahre alt, verheiratet, 3 Kinder und 4 Enkelkinder. Ich habe an der Universität Münster Volkswirtschaft studiert und anschließend den postgraduierten Kurs am deutschen Institut für Entwicklungspolitik (heute IDOS) absolviert.[\/wpml-string]","sameAs":["https:\/\/roger-peltzer.com\/ueber-mich\/"]}]}</script>
<!-- / Yoast SEO plugin. -->

[wpml-string context="pb-bioinfo" name="info-1"]70 Jahre alt, verheiratet, 3 Kinder und 4 Enkelkinder. Ich habe an der Universität Münster Volkswirtschaft studiert und anschließend den postgraduierten Kurs am deutschen Institut für Entwicklungspolitik (heute IDOS) absolviert.[/wpml-string]
