{"id":676,"date":"2023-07-24T13:32:44","date_gmt":"2023-07-24T13:32:44","guid":{"rendered":"https:\/\/roger-peltzer.com\/about-me\/"},"modified":"2024-10-21T10:45:49","modified_gmt":"2024-10-21T10:45:49","slug":"about-me","status":"publish","type":"page","link":"https:\/\/roger-peltzer.com\/en\/about-me\/","title":{"rendered":"About me"},"content":{"rendered":"\n<p>70 years old, married, 3 children and 4 grandchildren. I studied economics at the University of M\u00fcnster and then completed the postgraduate course at the German Institute for Development Policy (now IDOS). After initially working in the staff department of a company that sold turnkey industrial plants, particularly for developing countries, I moved to DEG-Deutsche Investitions- und Entwicklungsgesellschaft in Cologne in 1988. Initially as a project manager and later as head of department, I mainly initiated and managed projects and investments in Africa, including the Cotton made in Africa (CmiA) initiative.<\/p>\n\n<p>In addition to my job, I have always been involved in voluntary work. I am still a member of the Romero Christian Initiative, which I co-founded 40 years ago. I was chairman of the B\u00fcndnis 90\/Die Gr\u00fcnen council group in Kerpen for 3 years and a candidate for mayor. For 6 years, during the red-green government period, I led the Federal Working Group North South of the Greens together with colleagues.<\/p>\n\n<p>Today I am once again a member of the Board of Trustees of the Afghanistan Credit Guarantee Fund Foundation. And I am currently working with various non-governmental organizations to further develop the sustainable cotton standards Better Cotton Initiative (BCI), Cotton Made in Africa (CmiA), GOTS (organic) and Fairtrade Cotton so that they can achieve a living income for &#8220;their&#8221; small farmers in the long term and exclude the use of synthetic pesticides.<\/p>\n\n<p>I am a member of the Green Old People, the VCD, BUND, the Society for the Promotion of Museums in Ethiopia and have been co-editor of a neighborhood newspaper for more than 30 years.<\/p>\n\n<p><\/p>\n\n<figure class=\"wp-block-image size-large\"><img loading=\"lazy\" decoding=\"async\" width=\"1024\" height=\"768\" src=\"https:\/\/roger-peltzer.com\/wp-content\/uploads\/2023\/07\/roger-peltzer-sambia-1024x768.jpg\" alt=\"\" class=\"wp-image-46\" srcset=\"https:\/\/roger-peltzer.com\/wp-content\/uploads\/2023\/07\/roger-peltzer-sambia-1024x768.jpg 1024w, https:\/\/roger-peltzer.com\/wp-content\/uploads\/2023\/07\/roger-peltzer-sambia-300x225.jpg 300w, https:\/\/roger-peltzer.com\/wp-content\/uploads\/2023\/07\/roger-peltzer-sambia-768x576.jpg 768w, https:\/\/roger-peltzer.com\/wp-content\/uploads\/2023\/07\/roger-peltzer-sambia-1536x1152.jpg 1536w, https:\/\/roger-peltzer.com\/wp-content\/uploads\/2023\/07\/roger-peltzer-sambia-2048x1536.jpg 2048w\" sizes=\"auto, (max-width: 1024px) 100vw, 1024px\" \/><\/figure>\n","protected":false},"excerpt":{"rendered":"<p>70 years old, married, 3 children and 4 grandchildren. I studied economics at the University of M\u00fcnster and then completed the postgraduate course at the German Institute for Development Policy (now IDOS). After initially working in the staff department of<\/p>\n","protected":false},"author":1,"featured_media":0,"parent":0,"menu_order":0,"comment_status":"closed","ping_status":"open","template":"","meta":{"footnotes":""},"class_list":["post-676","page","type-page","status-publish","hentry"],"yoast_head":"<!-- This site is optimized with the Yoast SEO plugin v27.5 - https:\/\/yoast.com\/product\/yoast-seo-wordpress\/ -->\n<title>About me - Foreign and Development Policy<\/title>\n<meta name=\"description\" content=\"Foreign and development policy blog by Roger Peltzer on the topics of fragile states, human rights and Latin America.\" \/>\n<meta name=\"robots\" content=\"index, follow, max-snippet:-1, max-image-preview:large, max-video-preview:-1\" \/>\n<link rel=\"canonical\" href=\"https:\/\/roger-peltzer.com\/en\/about-me\/\" \/>\n<meta property=\"og:locale\" content=\"en_US\" \/>\n<meta property=\"og:type\" content=\"article\" \/>\n<meta property=\"og:title\" content=\"About me - Foreign and Development Policy\" \/>\n<meta property=\"og:description\" content=\"Foreign and development policy blog by Roger Peltzer on the topics of fragile states, human rights and Latin America.\" \/>\n<meta property=\"og:url\" content=\"https:\/\/roger-peltzer.com\/en\/about-me\/\" \/>\n<meta property=\"og:site_name\" content=\"Foreign and Development Policy\" \/>\n<meta property=\"article:modified_time\" content=\"2024-10-21T10:45:49+00:00\" \/>\n<meta property=\"og:image\" content=\"https:\/\/roger-peltzer.com\/wp-content\/uploads\/2023\/07\/roger-peltzer-sambia-scaled.jpg\" \/>\n\t<meta property=\"og:image:width\" content=\"2560\" \/>\n\t<meta property=\"og:image:height\" content=\"1920\" \/>\n\t<meta property=\"og:image:type\" content=\"image\/jpeg\" \/>\n<meta name=\"twitter:card\" content=\"summary_large_image\" \/>\n<meta name=\"twitter:label1\" content=\"Est. reading time\" \/>\n\t<meta name=\"twitter:data1\" content=\"1 minute\" \/>\n<script type=\"application\/ld+json\" class=\"yoast-schema-graph\">{\"@context\":\"https:\\\/\\\/schema.org\",\"@graph\":[{\"@type\":\"WebPage\",\"@id\":\"https:\\\/\\\/roger-peltzer.com\\\/en\\\/about-me\\\/\",\"url\":\"https:\\\/\\\/roger-peltzer.com\\\/en\\\/about-me\\\/\",\"name\":\"About me - Foreign and Development Policy\",\"isPartOf\":{\"@id\":\"https:\\\/\\\/roger-peltzer.com\\\/en\\\/#website\"},\"primaryImageOfPage\":{\"@id\":\"https:\\\/\\\/roger-peltzer.com\\\/en\\\/about-me\\\/#primaryimage\"},\"image\":{\"@id\":\"https:\\\/\\\/roger-peltzer.com\\\/en\\\/about-me\\\/#primaryimage\"},\"thumbnailUrl\":\"https:\\\/\\\/roger-peltzer.com\\\/wp-content\\\/uploads\\\/2023\\\/07\\\/roger-peltzer-sambia-1024x768.jpg\",\"datePublished\":\"2023-07-24T13:32:44+00:00\",\"dateModified\":\"2024-10-21T10:45:49+00:00\",\"description\":\"Foreign and development policy blog by Roger Peltzer on the topics of fragile states, human rights and Latin America.\",\"breadcrumb\":{\"@id\":\"https:\\\/\\\/roger-peltzer.com\\\/en\\\/about-me\\\/#breadcrumb\"},\"inLanguage\":\"en-US\",\"potentialAction\":[{\"@type\":\"ReadAction\",\"target\":[\"https:\\\/\\\/roger-peltzer.com\\\/en\\\/about-me\\\/\"]}]},{\"@type\":\"ImageObject\",\"inLanguage\":\"en-US\",\"@id\":\"https:\\\/\\\/roger-peltzer.com\\\/en\\\/about-me\\\/#primaryimage\",\"url\":\"https:\\\/\\\/roger-peltzer.com\\\/wp-content\\\/uploads\\\/2023\\\/07\\\/roger-peltzer-sambia-1024x768.jpg\",\"contentUrl\":\"https:\\\/\\\/roger-peltzer.com\\\/wp-content\\\/uploads\\\/2023\\\/07\\\/roger-peltzer-sambia-1024x768.jpg\"},{\"@type\":\"BreadcrumbList\",\"@id\":\"https:\\\/\\\/roger-peltzer.com\\\/en\\\/about-me\\\/#breadcrumb\",\"itemListElement\":[{\"@type\":\"ListItem\",\"position\":1,\"name\":\"Home\",\"item\":\"https:\\\/\\\/roger-peltzer.com\\\/en\\\/\"},{\"@type\":\"ListItem\",\"position\":2,\"name\":\"About me\"}]},{\"@type\":\"WebSite\",\"@id\":\"https:\\\/\\\/roger-peltzer.com\\\/en\\\/#website\",\"url\":\"https:\\\/\\\/roger-peltzer.com\\\/en\\\/\",\"name\":\"Foreign and Development Policy\",\"description\":\"Roger Peltzer\",\"publisher\":{\"@id\":\"https:\\\/\\\/roger-peltzer.com\\\/en\\\/#\\\/schema\\\/person\\\/6506ec1961bde1e8ad9521e95d6a8dac\"},\"potentialAction\":[{\"@type\":\"SearchAction\",\"target\":{\"@type\":\"EntryPoint\",\"urlTemplate\":\"https:\\\/\\\/roger-peltzer.com\\\/en\\\/?s={search_term_string}\"},\"query-input\":{\"@type\":\"PropertyValueSpecification\",\"valueRequired\":true,\"valueName\":\"search_term_string\"}}],\"inLanguage\":\"en-US\"},{\"@type\":[\"Person\",\"Organization\"],\"@id\":\"https:\\\/\\\/roger-peltzer.com\\\/en\\\/#\\\/schema\\\/person\\\/6506ec1961bde1e8ad9521e95d6a8dac\",\"name\":\"Roger Peltzer\",\"image\":{\"@type\":\"ImageObject\",\"inLanguage\":\"en-US\",\"@id\":\"https:\\\/\\\/roger-peltzer.com\\\/wp-content\\\/uploads\\\/2023\\\/09\\\/roger-peltzer-weltjugendtag-square.jpg\",\"url\":\"https:\\\/\\\/roger-peltzer.com\\\/wp-content\\\/uploads\\\/2023\\\/09\\\/roger-peltzer-weltjugendtag-square.jpg\",\"contentUrl\":\"https:\\\/\\\/roger-peltzer.com\\\/wp-content\\\/uploads\\\/2023\\\/09\\\/roger-peltzer-weltjugendtag-square.jpg\",\"caption\":\"Roger Peltzer\"},\"logo\":{\"@id\":\"https:\\\/\\\/roger-peltzer.com\\\/wp-content\\\/uploads\\\/2023\\\/09\\\/roger-peltzer-weltjugendtag-square.jpg\"},\"description\":\"[wpml-string context=\\\"pb-bioinfo\\\" name=\\\"info-1\\\"]70 Jahre alt, verheiratet, 3 Kinder und 4 Enkelkinder. Ich habe an der Universit\u00e4t M\u00fcnster Volkswirtschaft studiert und anschlie\u00dfend den postgraduierten Kurs am deutschen Institut f\u00fcr Entwicklungspolitik (heute IDOS) absolviert.[\\\/wpml-string]\",\"sameAs\":[\"https:\\\/\\\/roger-peltzer.com\\\/ueber-mich\\\/\"]}]}<\/script>\n<!-- \/ Yoast SEO plugin. -->","yoast_head_json":{"title":"About me - Foreign and Development Policy","description":"Foreign and development policy blog by Roger Peltzer on the topics of fragile states, human rights and Latin America.","robots":{"index":"index","follow":"follow","max-snippet":"max-snippet:-1","max-image-preview":"max-image-preview:large","max-video-preview":"max-video-preview:-1"},"canonical":"https:\/\/roger-peltzer.com\/en\/about-me\/","og_locale":"en_US","og_type":"article","og_title":"About me - Foreign and Development Policy","og_description":"Foreign and development policy blog by Roger Peltzer on the topics of fragile states, human rights and Latin America.","og_url":"https:\/\/roger-peltzer.com\/en\/about-me\/","og_site_name":"Foreign and Development Policy","article_modified_time":"2024-10-21T10:45:49+00:00","og_image":[{"width":2560,"height":1920,"url":"https:\/\/roger-peltzer.com\/wp-content\/uploads\/2023\/07\/roger-peltzer-sambia-scaled.jpg","type":"image\/jpeg"}],"twitter_card":"summary_large_image","twitter_misc":{"Est. reading time":"1 minute"},"schema":{"@context":"https:\/\/schema.org","@graph":[{"@type":"WebPage","@id":"https:\/\/roger-peltzer.com\/en\/about-me\/","url":"https:\/\/roger-peltzer.com\/en\/about-me\/","name":"About me - Foreign and Development Policy","isPartOf":{"@id":"https:\/\/roger-peltzer.com\/en\/#website"},"primaryImageOfPage":{"@id":"https:\/\/roger-peltzer.com\/en\/about-me\/#primaryimage"},"image":{"@id":"https:\/\/roger-peltzer.com\/en\/about-me\/#primaryimage"},"thumbnailUrl":"https:\/\/roger-peltzer.com\/wp-content\/uploads\/2023\/07\/roger-peltzer-sambia-1024x768.jpg","datePublished":"2023-07-24T13:32:44+00:00","dateModified":"2024-10-21T10:45:49+00:00","description":"Foreign and development policy blog by Roger Peltzer on the topics of fragile states, human rights and Latin America.","breadcrumb":{"@id":"https:\/\/roger-peltzer.com\/en\/about-me\/#breadcrumb"},"inLanguage":"en-US","potentialAction":[{"@type":"ReadAction","target":["https:\/\/roger-peltzer.com\/en\/about-me\/"]}]},{"@type":"ImageObject","inLanguage":"en-US","@id":"https:\/\/roger-peltzer.com\/en\/about-me\/#primaryimage","url":"https:\/\/roger-peltzer.com\/wp-content\/uploads\/2023\/07\/roger-peltzer-sambia-1024x768.jpg","contentUrl":"https:\/\/roger-peltzer.com\/wp-content\/uploads\/2023\/07\/roger-peltzer-sambia-1024x768.jpg"},{"@type":"BreadcrumbList","@id":"https:\/\/roger-peltzer.com\/en\/about-me\/#breadcrumb","itemListElement":[{"@type":"ListItem","position":1,"name":"Home","item":"https:\/\/roger-peltzer.com\/en\/"},{"@type":"ListItem","position":2,"name":"About me"}]},{"@type":"WebSite","@id":"https:\/\/roger-peltzer.com\/en\/#website","url":"https:\/\/roger-peltzer.com\/en\/","name":"Foreign and Development Policy","description":"Roger Peltzer","publisher":{"@id":"https:\/\/roger-peltzer.com\/en\/#\/schema\/person\/6506ec1961bde1e8ad9521e95d6a8dac"},"potentialAction":[{"@type":"SearchAction","target":{"@type":"EntryPoint","urlTemplate":"https:\/\/roger-peltzer.com\/en\/?s={search_term_string}"},"query-input":{"@type":"PropertyValueSpecification","valueRequired":true,"valueName":"search_term_string"}}],"inLanguage":"en-US"},{"@type":["Person","Organization"],"@id":"https:\/\/roger-peltzer.com\/en\/#\/schema\/person\/6506ec1961bde1e8ad9521e95d6a8dac","name":"Roger Peltzer","image":{"@type":"ImageObject","inLanguage":"en-US","@id":"https:\/\/roger-peltzer.com\/wp-content\/uploads\/2023\/09\/roger-peltzer-weltjugendtag-square.jpg","url":"https:\/\/roger-peltzer.com\/wp-content\/uploads\/2023\/09\/roger-peltzer-weltjugendtag-square.jpg","contentUrl":"https:\/\/roger-peltzer.com\/wp-content\/uploads\/2023\/09\/roger-peltzer-weltjugendtag-square.jpg","caption":"Roger Peltzer"},"logo":{"@id":"https:\/\/roger-peltzer.com\/wp-content\/uploads\/2023\/09\/roger-peltzer-weltjugendtag-square.jpg"},"description":"[wpml-string context=\"pb-bioinfo\" name=\"info-1\"]70 Jahre alt, verheiratet, 3 Kinder und 4 Enkelkinder. Ich habe an der Universit\u00e4t M\u00fcnster Volkswirtschaft studiert und anschlie\u00dfend den postgraduierten Kurs am deutschen Institut f\u00fcr Entwicklungspolitik (heute IDOS) absolviert.[\/wpml-string]","sameAs":["https:\/\/roger-peltzer.com\/ueber-mich\/"]}]}},"_links":{"self":[{"href":"https:\/\/roger-peltzer.com\/en\/wp-json\/wp\/v2\/pages\/676","targetHints":{"allow":["GET"]}}],"collection":[{"href":"https:\/\/roger-peltzer.com\/en\/wp-json\/wp\/v2\/pages"}],"about":[{"href":"https:\/\/roger-peltzer.com\/en\/wp-json\/wp\/v2\/types\/page"}],"author":[{"embeddable":true,"href":"https:\/\/roger-peltzer.com\/en\/wp-json\/wp\/v2\/users\/1"}],"replies":[{"embeddable":true,"href":"https:\/\/roger-peltzer.com\/en\/wp-json\/wp\/v2\/comments?post=676"}],"version-history":[{"count":3,"href":"https:\/\/roger-peltzer.com\/en\/wp-json\/wp\/v2\/pages\/676\/revisions"}],"predecessor-version":[{"id":4256,"href":"https:\/\/roger-peltzer.com\/en\/wp-json\/wp\/v2\/pages\/676\/revisions\/4256"}],"wp:attachment":[{"href":"https:\/\/roger-peltzer.com\/en\/wp-json\/wp\/v2\/media?parent=676"}],"curies":[{"name":"wp","href":"https:\/\/api.w.org\/{rel}","templated":true}]}}

<p>70 years old, married, 3 children and 4 grandchildren. I studied economics at the University of Münster and then completed the postgraduate course at the German Institute for Development Policy (now IDOS). After initially working in the staff department of a company that sold turnkey industrial plants, particularly for developing countries, I moved to DEG-Deutsche Investitions- und Entwicklungsgesellschaft in Cologne in 1988. Initially as a project manager and later as head of department, I mainly initiated and managed projects and investments in Africa, including the Cotton made in Africa (CmiA) initiative.</p>

<p>In addition to my job, I have always been involved in voluntary work. I am still a member of the Romero Christian Initiative, which I co-founded 40 years ago. I was chairman of the Bündnis 90/Die Grünen council group in Kerpen for 3 years and a candidate for mayor. For 6 years, during the red-green government period, I led the Federal Working Group North South of the Greens together with colleagues.</p>

<p>Today I am once again a member of the Board of Trustees of the Afghanistan Credit Guarantee Fund Foundation. And I am currently working with various non-governmental organizations to further develop the sustainable cotton standards Better Cotton Initiative (BCI), Cotton Made in Africa (CmiA), GOTS (organic) and Fairtrade Cotton so that they can achieve a living income for &#8220;their&#8221; small farmers in the long term and exclude the use of synthetic pesticides.</p>

<p>I am a member of the Green Old People, the VCD, BUND, the Society for the Promotion of Museums in Ethiopia and have been co-editor of a neighborhood newspaper for more than 30 years.</p>

<p></p>

<figure class="wp-block-image size-large"><img loading="lazy" decoding="async" width="1024" height="768" src="https://roger-peltzer.com/wp-content/uploads/2023/07/roger-peltzer-sambia-1024x768.jpg" alt="" class="wp-image-46" srcset="https://roger-peltzer.com/wp-content/uploads/2023/07/roger-peltzer-sambia-1024x768.jpg 1024w, https://roger-peltzer.com/wp-content/uploads/2023/07/roger-peltzer-sambia-300x225.jpg 300w, https://roger-peltzer.com/wp-content/uploads/2023/07/roger-peltzer-sambia-768x576.jpg 768w, https://roger-peltzer.com/wp-content/uploads/2023/07/roger-peltzer-sambia-1536x1152.jpg 1536w, https://roger-peltzer.com/wp-content/uploads/2023/07/roger-peltzer-sambia-2048x1536.jpg 2048w" sizes="auto, (max-width: 1024px) 100vw, 1024px" /></figure>

<p>70 years old, married, 3 children and 4 grandchildren. I studied economics at the University of Münster and then completed the postgraduate course at the German Institute for Development Policy (now IDOS). After initially working in the staff department of</p>

<!-- This site is optimized with the Yoast SEO plugin v27.5 - https://yoast.com/product/yoast-seo-wordpress/ -->
<title>About me - Foreign and Development Policy</title>
<meta name="description" content="Foreign and development policy blog by Roger Peltzer on the topics of fragile states, human rights and Latin America." />
<meta name="robots" content="index, follow, max-snippet:-1, max-image-preview:large, max-video-preview:-1" />
<link rel="canonical" href="https://roger-peltzer.com/en/about-me/" />
<meta property="og:locale" content="en_US" />
<meta property="og:type" content="article" />
<meta property="og:title" content="About me - Foreign and Development Policy" />
<meta property="og:description" content="Foreign and development policy blog by Roger Peltzer on the topics of fragile states, human rights and Latin America." />
<meta property="og:url" content="https://roger-peltzer.com/en/about-me/" />
<meta property="og:site_name" content="Foreign and Development Policy" />
<meta property="article:modified_time" content="2024-10-21T10:45:49+00:00" />
<meta property="og:image" content="https://roger-peltzer.com/wp-content/uploads/2023/07/roger-peltzer-sambia-scaled.jpg" />
	<meta property="og:image:width" content="2560" />
	<meta property="og:image:height" content="1920" />
	<meta property="og:image:type" content="image/jpeg" />
<meta name="twitter:card" content="summary_large_image" />
<meta name="twitter:label1" content="Est. reading time" />
	<meta name="twitter:data1" content="1 minute" />
<script type="application/ld+json" class="yoast-schema-graph">{"@context":"https:\/\/schema.org","@graph":[{"@type":"WebPage","@id":"https:\/\/roger-peltzer.com\/en\/about-me\/","url":"https:\/\/roger-peltzer.com\/en\/about-me\/","name":"About me - Foreign and Development Policy","isPartOf":{"@id":"https:\/\/roger-peltzer.com\/en\/#website"},"primaryImageOfPage":{"@id":"https:\/\/roger-peltzer.com\/en\/about-me\/#primaryimage"},"image":{"@id":"https:\/\/roger-peltzer.com\/en\/about-me\/#primaryimage"},"thumbnailUrl":"https:\/\/roger-peltzer.com\/wp-content\/uploads\/2023\/07\/roger-peltzer-sambia-1024x768.jpg","datePublished":"2023-07-24T13:32:44+00:00","dateModified":"2024-10-21T10:45:49+00:00","description":"Foreign and development policy blog by Roger Peltzer on the topics of fragile states, human rights and Latin America.","breadcrumb":{"@id":"https:\/\/roger-peltzer.com\/en\/about-me\/#breadcrumb"},"inLanguage":"en-US","potentialAction":[{"@type":"ReadAction","target":["https:\/\/roger-peltzer.com\/en\/about-me\/"]}]},{"@type":"ImageObject","inLanguage":"en-US","@id":"https:\/\/roger-peltzer.com\/en\/about-me\/#primaryimage","url":"https:\/\/roger-peltzer.com\/wp-content\/uploads\/2023\/07\/roger-peltzer-sambia-1024x768.jpg","contentUrl":"https:\/\/roger-peltzer.com\/wp-content\/uploads\/2023\/07\/roger-peltzer-sambia-1024x768.jpg"},{"@type":"BreadcrumbList","@id":"https:\/\/roger-peltzer.com\/en\/about-me\/#breadcrumb","itemListElement":[{"@type":"ListItem","position":1,"name":"Home","item":"https:\/\/roger-peltzer.com\/en\/"},{"@type":"ListItem","position":2,"name":"About me"}]},{"@type":"WebSite","@id":"https:\/\/roger-peltzer.com\/en\/#website","url":"https:\/\/roger-peltzer.com\/en\/","name":"Foreign and Development Policy","description":"Roger Peltzer","publisher":{"@id":"https:\/\/roger-peltzer.com\/en\/#\/schema\/person\/6506ec1961bde1e8ad9521e95d6a8dac"},"potentialAction":[{"@type":"SearchAction","target":{"@type":"EntryPoint","urlTemplate":"https:\/\/roger-peltzer.com\/en\/?s={search_term_string}"},"query-input":{"@type":"PropertyValueSpecification","valueRequired":true,"valueName":"search_term_string"}}],"inLanguage":"en-US"},{"@type":["Person","Organization"],"@id":"https:\/\/roger-peltzer.com\/en\/#\/schema\/person\/6506ec1961bde1e8ad9521e95d6a8dac","name":"Roger Peltzer","image":{"@type":"ImageObject","inLanguage":"en-US","@id":"https:\/\/roger-peltzer.com\/wp-content\/uploads\/2023\/09\/roger-peltzer-weltjugendtag-square.jpg","url":"https:\/\/roger-peltzer.com\/wp-content\/uploads\/2023\/09\/roger-peltzer-weltjugendtag-square.jpg","contentUrl":"https:\/\/roger-peltzer.com\/wp-content\/uploads\/2023\/09\/roger-peltzer-weltjugendtag-square.jpg","caption":"Roger Peltzer"},"logo":{"@id":"https:\/\/roger-peltzer.com\/wp-content\/uploads\/2023\/09\/roger-peltzer-weltjugendtag-square.jpg"},"description":"[wpml-string context=\"pb-bioinfo\" name=\"info-1\"]70 Jahre alt, verheiratet, 3 Kinder und 4 Enkelkinder. Ich habe an der Universität Münster Volkswirtschaft studiert und anschließend den postgraduierten Kurs am deutschen Institut für Entwicklungspolitik (heute IDOS) absolviert.[\/wpml-string]","sameAs":["https:\/\/roger-peltzer.com\/ueber-mich\/"]}]}</script>
<!-- / Yoast SEO plugin. -->

[wpml-string context="pb-bioinfo" name="info-1"]70 Jahre alt, verheiratet, 3 Kinder und 4 Enkelkinder. Ich habe an der Universität Münster Volkswirtschaft studiert und anschließend den postgraduierten Kurs am deutschen Institut für Entwicklungspolitik (heute IDOS) absolviert.[/wpml-string]
