{"id":567,"date":"2023-08-22T15:03:32","date_gmt":"2023-08-22T15:03:32","guid":{"rendered":"https:\/\/roger-peltzer.com\/imprint\/"},"modified":"2024-06-15T16:01:25","modified_gmt":"2024-06-15T16:01:25","slug":"imprint","status":"publish","type":"page","link":"https:\/\/roger-peltzer.com\/en\/imprint\/","title":{"rendered":"Imprint"},"content":{"rendered":"<h1>Information according to \u00a7 5 TMG<\/h1>\n<p>Roger Peltzer<br \/>\nCount Berghe von Trips Ring 208<br \/>\n50169 Kerpen<\/p>\n<h2>Contact us<\/h2>\n<p>E-mail: roger-peltzer@t-online.de<\/p>\n<h2>Editorially responsible:<\/h2>\n<p>Roger Peltzer<\/p>\n<h2>Picture credits<\/h2>\n<p>Hamed Alshabibi &#8211; <a href=\"https:\/\/roger-peltzer.com\/wp-content\/uploads\/2023\/08\/Tuareg_Hamed-Alshabibi.jpg\">Link to the picture<\/a><\/p>\n<p>Celestin Guela &#8211; <a href=\"https:\/\/roger-peltzer.com\/wp-content\/uploads\/2023\/08\/Celestin-Guela-570x255.webp\">Link to the picture<\/a><\/p>\n<p>Roger Peltzer &#8211; <a href=\"https:\/\/roger-peltzer.com\/wp-content\/uploads\/2023\/07\/Anneke-Voss_Cote-divoire.jpg\">Link to the picture<\/a><\/p>\n<p><a href=\"https:\/\/unsplash.com\/@fredinand?utm_source=unsplash&amp;utm_medium=referral&amp;utm_content=creditCopyText\">Freddie<\/a> on <a href=\"https:\/\/unsplash.com\/photos\/obclvUEjR9k?utm_source=unsplash&amp;utm_medium=referral&amp;utm_content=creditCopyText\">Unsplash<\/a> &#8211; <a href=\"\/?p=259\">Link to the post<\/a><\/p>\n<p><a href=\"https:\/\/flickr.com\/photos\/51178866@N04\/52659280917\" target=\"_blank\" rel=\"noopener\">Pal\u00e1cio do Planalto<\/a> &#8211; <a href=\"\/?p=272\" target=\"_blank\" rel=\"noopener\">Link to the article<\/a><\/p>\n<p>Daniel Jobmann &#8211; <a href=\"https:\/\/roger-peltzer.com\/wp-content\/uploads\/2023\/08\/werkstattbesitzer-in-kabul-scaled.jpg\" target=\"_blank\" rel=\"noopener\">Link to the picture<\/a><\/p>\n<p><a href=\"https:\/\/unsplash.com\/@peteralbanese\">Peter Albanese<\/a> on Unsplash &#8211; <a href=\"\/?p=322\">Link to the picture<\/a><\/p>\n","protected":false},"excerpt":{"rendered":"<p>Information according to \u00a7 5 TMG Roger Peltzer Count Berghe von Trips Ring 208 50169 Kerpen Contact us E-mail: roger-peltzer@t-online.de Editorially responsible: Roger Peltzer Picture credits Hamed Alshabibi &#8211; Link to the picture Celestin Guela &#8211; Link to the picture<\/p>\n","protected":false},"author":2,"featured_media":0,"parent":0,"menu_order":0,"comment_status":"closed","ping_status":"closed","template":"","meta":{"footnotes":""},"class_list":["post-567","page","type-page","status-publish","hentry"],"yoast_head":"<!-- This site is optimized with the Yoast SEO plugin v27.5 - https:\/\/yoast.com\/product\/yoast-seo-wordpress\/ -->\n<title>Imprint - Foreign and Development Policy<\/title>\n<meta name=\"description\" content=\"Foreign and development policy blog by Roger Peltzer on the topics of fragile states, human rights and Latin America.\" \/>\n<meta name=\"robots\" content=\"index, follow, max-snippet:-1, max-image-preview:large, max-video-preview:-1\" \/>\n<link rel=\"canonical\" href=\"https:\/\/roger-peltzer.com\/en\/imprint\/\" \/>\n<meta property=\"og:locale\" content=\"en_US\" \/>\n<meta property=\"og:type\" content=\"article\" \/>\n<meta property=\"og:title\" content=\"Imprint - Foreign and Development Policy\" \/>\n<meta property=\"og:description\" content=\"Foreign and development policy blog by Roger Peltzer on the topics of fragile states, human rights and Latin America.\" \/>\n<meta property=\"og:url\" content=\"https:\/\/roger-peltzer.com\/en\/imprint\/\" \/>\n<meta property=\"og:site_name\" content=\"Foreign and Development Policy\" \/>\n<meta property=\"article:modified_time\" content=\"2024-06-15T16:01:25+00:00\" \/>\n<meta property=\"og:image\" content=\"https:\/\/roger-peltzer.com\/wp-content\/uploads\/2023\/08\/globes-by-christian-lue.jpg\" \/>\n\t<meta property=\"og:image:width\" content=\"1920\" \/>\n\t<meta property=\"og:image:height\" content=\"1280\" \/>\n\t<meta property=\"og:image:type\" content=\"image\/jpeg\" \/>\n<meta name=\"twitter:card\" content=\"summary_large_image\" \/>\n<script type=\"application\/ld+json\" class=\"yoast-schema-graph\">{\"@context\":\"https:\\\/\\\/schema.org\",\"@graph\":[{\"@type\":\"WebPage\",\"@id\":\"https:\\\/\\\/roger-peltzer.com\\\/en\\\/imprint\\\/\",\"url\":\"https:\\\/\\\/roger-peltzer.com\\\/en\\\/imprint\\\/\",\"name\":\"Imprint - Foreign and Development Policy\",\"isPartOf\":{\"@id\":\"https:\\\/\\\/roger-peltzer.com\\\/en\\\/#website\"},\"datePublished\":\"2023-08-22T15:03:32+00:00\",\"dateModified\":\"2024-06-15T16:01:25+00:00\",\"description\":\"Foreign and development policy blog by Roger Peltzer on the topics of fragile states, human rights and Latin America.\",\"breadcrumb\":{\"@id\":\"https:\\\/\\\/roger-peltzer.com\\\/en\\\/imprint\\\/#breadcrumb\"},\"inLanguage\":\"en-US\",\"potentialAction\":[{\"@type\":\"ReadAction\",\"target\":[\"https:\\\/\\\/roger-peltzer.com\\\/en\\\/imprint\\\/\"]}]},{\"@type\":\"BreadcrumbList\",\"@id\":\"https:\\\/\\\/roger-peltzer.com\\\/en\\\/imprint\\\/#breadcrumb\",\"itemListElement\":[{\"@type\":\"ListItem\",\"position\":1,\"name\":\"Home\",\"item\":\"https:\\\/\\\/roger-peltzer.com\\\/en\\\/\"},{\"@type\":\"ListItem\",\"position\":2,\"name\":\"Imprint\"}]},{\"@type\":\"WebSite\",\"@id\":\"https:\\\/\\\/roger-peltzer.com\\\/en\\\/#website\",\"url\":\"https:\\\/\\\/roger-peltzer.com\\\/en\\\/\",\"name\":\"Foreign and Development Policy\",\"description\":\"Roger Peltzer\",\"publisher\":{\"@id\":\"https:\\\/\\\/roger-peltzer.com\\\/en\\\/#\\\/schema\\\/person\\\/6506ec1961bde1e8ad9521e95d6a8dac\"},\"potentialAction\":[{\"@type\":\"SearchAction\",\"target\":{\"@type\":\"EntryPoint\",\"urlTemplate\":\"https:\\\/\\\/roger-peltzer.com\\\/en\\\/?s={search_term_string}\"},\"query-input\":{\"@type\":\"PropertyValueSpecification\",\"valueRequired\":true,\"valueName\":\"search_term_string\"}}],\"inLanguage\":\"en-US\"},{\"@type\":[\"Person\",\"Organization\"],\"@id\":\"https:\\\/\\\/roger-peltzer.com\\\/en\\\/#\\\/schema\\\/person\\\/6506ec1961bde1e8ad9521e95d6a8dac\",\"name\":\"Roger Peltzer\",\"image\":{\"@type\":\"ImageObject\",\"inLanguage\":\"en-US\",\"@id\":\"https:\\\/\\\/roger-peltzer.com\\\/wp-content\\\/uploads\\\/2023\\\/09\\\/roger-peltzer-weltjugendtag-square.jpg\",\"url\":\"https:\\\/\\\/roger-peltzer.com\\\/wp-content\\\/uploads\\\/2023\\\/09\\\/roger-peltzer-weltjugendtag-square.jpg\",\"contentUrl\":\"https:\\\/\\\/roger-peltzer.com\\\/wp-content\\\/uploads\\\/2023\\\/09\\\/roger-peltzer-weltjugendtag-square.jpg\",\"caption\":\"Roger Peltzer\"},\"logo\":{\"@id\":\"https:\\\/\\\/roger-peltzer.com\\\/wp-content\\\/uploads\\\/2023\\\/09\\\/roger-peltzer-weltjugendtag-square.jpg\"},\"description\":\"[wpml-string context=\\\"pb-bioinfo\\\" name=\\\"info-1\\\"]70 Jahre alt, verheiratet, 3 Kinder und 4 Enkelkinder. Ich habe an der Universit\u00e4t M\u00fcnster Volkswirtschaft studiert und anschlie\u00dfend den postgraduierten Kurs am deutschen Institut f\u00fcr Entwicklungspolitik (heute IDOS) absolviert.[\\\/wpml-string]\",\"sameAs\":[\"https:\\\/\\\/roger-peltzer.com\\\/ueber-mich\\\/\"]}]}<\/script>\n<!-- \/ Yoast SEO plugin. -->","yoast_head_json":{"title":"Imprint - Foreign and Development Policy","description":"Foreign and development policy blog by Roger Peltzer on the topics of fragile states, human rights and Latin America.","robots":{"index":"index","follow":"follow","max-snippet":"max-snippet:-1","max-image-preview":"max-image-preview:large","max-video-preview":"max-video-preview:-1"},"canonical":"https:\/\/roger-peltzer.com\/en\/imprint\/","og_locale":"en_US","og_type":"article","og_title":"Imprint - Foreign and Development Policy","og_description":"Foreign and development policy blog by Roger Peltzer on the topics of fragile states, human rights and Latin America.","og_url":"https:\/\/roger-peltzer.com\/en\/imprint\/","og_site_name":"Foreign and Development Policy","article_modified_time":"2024-06-15T16:01:25+00:00","og_image":[{"width":1920,"height":1280,"url":"https:\/\/roger-peltzer.com\/wp-content\/uploads\/2023\/08\/globes-by-christian-lue.jpg","type":"image\/jpeg"}],"twitter_card":"summary_large_image","schema":{"@context":"https:\/\/schema.org","@graph":[{"@type":"WebPage","@id":"https:\/\/roger-peltzer.com\/en\/imprint\/","url":"https:\/\/roger-peltzer.com\/en\/imprint\/","name":"Imprint - Foreign and Development Policy","isPartOf":{"@id":"https:\/\/roger-peltzer.com\/en\/#website"},"datePublished":"2023-08-22T15:03:32+00:00","dateModified":"2024-06-15T16:01:25+00:00","description":"Foreign and development policy blog by Roger Peltzer on the topics of fragile states, human rights and Latin America.","breadcrumb":{"@id":"https:\/\/roger-peltzer.com\/en\/imprint\/#breadcrumb"},"inLanguage":"en-US","potentialAction":[{"@type":"ReadAction","target":["https:\/\/roger-peltzer.com\/en\/imprint\/"]}]},{"@type":"BreadcrumbList","@id":"https:\/\/roger-peltzer.com\/en\/imprint\/#breadcrumb","itemListElement":[{"@type":"ListItem","position":1,"name":"Home","item":"https:\/\/roger-peltzer.com\/en\/"},{"@type":"ListItem","position":2,"name":"Imprint"}]},{"@type":"WebSite","@id":"https:\/\/roger-peltzer.com\/en\/#website","url":"https:\/\/roger-peltzer.com\/en\/","name":"Foreign and Development Policy","description":"Roger Peltzer","publisher":{"@id":"https:\/\/roger-peltzer.com\/en\/#\/schema\/person\/6506ec1961bde1e8ad9521e95d6a8dac"},"potentialAction":[{"@type":"SearchAction","target":{"@type":"EntryPoint","urlTemplate":"https:\/\/roger-peltzer.com\/en\/?s={search_term_string}"},"query-input":{"@type":"PropertyValueSpecification","valueRequired":true,"valueName":"search_term_string"}}],"inLanguage":"en-US"},{"@type":["Person","Organization"],"@id":"https:\/\/roger-peltzer.com\/en\/#\/schema\/person\/6506ec1961bde1e8ad9521e95d6a8dac","name":"Roger Peltzer","image":{"@type":"ImageObject","inLanguage":"en-US","@id":"https:\/\/roger-peltzer.com\/wp-content\/uploads\/2023\/09\/roger-peltzer-weltjugendtag-square.jpg","url":"https:\/\/roger-peltzer.com\/wp-content\/uploads\/2023\/09\/roger-peltzer-weltjugendtag-square.jpg","contentUrl":"https:\/\/roger-peltzer.com\/wp-content\/uploads\/2023\/09\/roger-peltzer-weltjugendtag-square.jpg","caption":"Roger Peltzer"},"logo":{"@id":"https:\/\/roger-peltzer.com\/wp-content\/uploads\/2023\/09\/roger-peltzer-weltjugendtag-square.jpg"},"description":"[wpml-string context=\"pb-bioinfo\" name=\"info-1\"]70 Jahre alt, verheiratet, 3 Kinder und 4 Enkelkinder. Ich habe an der Universit\u00e4t M\u00fcnster Volkswirtschaft studiert und anschlie\u00dfend den postgraduierten Kurs am deutschen Institut f\u00fcr Entwicklungspolitik (heute IDOS) absolviert.[\/wpml-string]","sameAs":["https:\/\/roger-peltzer.com\/ueber-mich\/"]}]}},"_links":{"self":[{"href":"https:\/\/roger-peltzer.com\/en\/wp-json\/wp\/v2\/pages\/567","targetHints":{"allow":["GET"]}}],"collection":[{"href":"https:\/\/roger-peltzer.com\/en\/wp-json\/wp\/v2\/pages"}],"about":[{"href":"https:\/\/roger-peltzer.com\/en\/wp-json\/wp\/v2\/types\/page"}],"author":[{"embeddable":true,"href":"https:\/\/roger-peltzer.com\/en\/wp-json\/wp\/v2\/users\/2"}],"replies":[{"embeddable":true,"href":"https:\/\/roger-peltzer.com\/en\/wp-json\/wp\/v2\/comments?post=567"}],"version-history":[{"count":1,"href":"https:\/\/roger-peltzer.com\/en\/wp-json\/wp\/v2\/pages\/567\/revisions"}],"predecessor-version":[{"id":568,"href":"https:\/\/roger-peltzer.com\/en\/wp-json\/wp\/v2\/pages\/567\/revisions\/568"}],"wp:attachment":[{"href":"https:\/\/roger-peltzer.com\/en\/wp-json\/wp\/v2\/media?parent=567"}],"curies":[{"name":"wp","href":"https:\/\/api.w.org\/{rel}","templated":true}]}}

<h1>Information according to § 5 TMG</h1>
<p>Roger Peltzer<br />
Count Berghe von Trips Ring 208<br />
50169 Kerpen</p>
<h2>Contact us</h2>
<p>E-mail: roger-peltzer@t-online.de</p>
<h2>Editorially responsible:</h2>
<p>Roger Peltzer</p>
<h2>Picture credits</h2>
<p>Hamed Alshabibi &#8211; <a href="https://roger-peltzer.com/wp-content/uploads/2023/08/Tuareg_Hamed-Alshabibi.jpg">Link to the picture</a></p>
<p>Celestin Guela &#8211; <a href="https://roger-peltzer.com/wp-content/uploads/2023/08/Celestin-Guela-570x255.webp">Link to the picture</a></p>
<p>Roger Peltzer &#8211; <a href="https://roger-peltzer.com/wp-content/uploads/2023/07/Anneke-Voss_Cote-divoire.jpg">Link to the picture</a></p>
<p><a href="https://unsplash.com/@fredinand?utm_source=unsplash&amp;utm_medium=referral&amp;utm_content=creditCopyText">Freddie</a> on <a href="https://unsplash.com/photos/obclvUEjR9k?utm_source=unsplash&amp;utm_medium=referral&amp;utm_content=creditCopyText">Unsplash</a> &#8211; <a href="/?p=259">Link to the post</a></p>
<p><a href="https://flickr.com/photos/51178866@N04/52659280917" target="_blank" rel="noopener">Palácio do Planalto</a> &#8211; <a href="/?p=272" target="_blank" rel="noopener">Link to the article</a></p>
<p>Daniel Jobmann &#8211; <a href="https://roger-peltzer.com/wp-content/uploads/2023/08/werkstattbesitzer-in-kabul-scaled.jpg" target="_blank" rel="noopener">Link to the picture</a></p>
<p><a href="https://unsplash.com/@peteralbanese">Peter Albanese</a> on Unsplash &#8211; <a href="/?p=322">Link to the picture</a></p>

<!-- This site is optimized with the Yoast SEO plugin v27.5 - https://yoast.com/product/yoast-seo-wordpress/ -->
<title>Imprint - Foreign and Development Policy</title>
<meta name="description" content="Foreign and development policy blog by Roger Peltzer on the topics of fragile states, human rights and Latin America." />
<meta name="robots" content="index, follow, max-snippet:-1, max-image-preview:large, max-video-preview:-1" />
<link rel="canonical" href="https://roger-peltzer.com/en/imprint/" />
<meta property="og:locale" content="en_US" />
<meta property="og:type" content="article" />
<meta property="og:title" content="Imprint - Foreign and Development Policy" />
<meta property="og:description" content="Foreign and development policy blog by Roger Peltzer on the topics of fragile states, human rights and Latin America." />
<meta property="og:url" content="https://roger-peltzer.com/en/imprint/" />
<meta property="og:site_name" content="Foreign and Development Policy" />
<meta property="article:modified_time" content="2024-06-15T16:01:25+00:00" />
<meta property="og:image" content="https://roger-peltzer.com/wp-content/uploads/2023/08/globes-by-christian-lue.jpg" />
	<meta property="og:image:width" content="1920" />
	<meta property="og:image:height" content="1280" />
	<meta property="og:image:type" content="image/jpeg" />
<meta name="twitter:card" content="summary_large_image" />
<script type="application/ld+json" class="yoast-schema-graph">{"@context":"https:\/\/schema.org","@graph":[{"@type":"WebPage","@id":"https:\/\/roger-peltzer.com\/en\/imprint\/","url":"https:\/\/roger-peltzer.com\/en\/imprint\/","name":"Imprint - Foreign and Development Policy","isPartOf":{"@id":"https:\/\/roger-peltzer.com\/en\/#website"},"datePublished":"2023-08-22T15:03:32+00:00","dateModified":"2024-06-15T16:01:25+00:00","description":"Foreign and development policy blog by Roger Peltzer on the topics of fragile states, human rights and Latin America.","breadcrumb":{"@id":"https:\/\/roger-peltzer.com\/en\/imprint\/#breadcrumb"},"inLanguage":"en-US","potentialAction":[{"@type":"ReadAction","target":["https:\/\/roger-peltzer.com\/en\/imprint\/"]}]},{"@type":"BreadcrumbList","@id":"https:\/\/roger-peltzer.com\/en\/imprint\/#breadcrumb","itemListElement":[{"@type":"ListItem","position":1,"name":"Home","item":"https:\/\/roger-peltzer.com\/en\/"},{"@type":"ListItem","position":2,"name":"Imprint"}]},{"@type":"WebSite","@id":"https:\/\/roger-peltzer.com\/en\/#website","url":"https:\/\/roger-peltzer.com\/en\/","name":"Foreign and Development Policy","description":"Roger Peltzer","publisher":{"@id":"https:\/\/roger-peltzer.com\/en\/#\/schema\/person\/6506ec1961bde1e8ad9521e95d6a8dac"},"potentialAction":[{"@type":"SearchAction","target":{"@type":"EntryPoint","urlTemplate":"https:\/\/roger-peltzer.com\/en\/?s={search_term_string}"},"query-input":{"@type":"PropertyValueSpecification","valueRequired":true,"valueName":"search_term_string"}}],"inLanguage":"en-US"},{"@type":["Person","Organization"],"@id":"https:\/\/roger-peltzer.com\/en\/#\/schema\/person\/6506ec1961bde1e8ad9521e95d6a8dac","name":"Roger Peltzer","image":{"@type":"ImageObject","inLanguage":"en-US","@id":"https:\/\/roger-peltzer.com\/wp-content\/uploads\/2023\/09\/roger-peltzer-weltjugendtag-square.jpg","url":"https:\/\/roger-peltzer.com\/wp-content\/uploads\/2023\/09\/roger-peltzer-weltjugendtag-square.jpg","contentUrl":"https:\/\/roger-peltzer.com\/wp-content\/uploads\/2023\/09\/roger-peltzer-weltjugendtag-square.jpg","caption":"Roger Peltzer"},"logo":{"@id":"https:\/\/roger-peltzer.com\/wp-content\/uploads\/2023\/09\/roger-peltzer-weltjugendtag-square.jpg"},"description":"[wpml-string context=\"pb-bioinfo\" name=\"info-1\"]70 Jahre alt, verheiratet, 3 Kinder und 4 Enkelkinder. Ich habe an der Universität Münster Volkswirtschaft studiert und anschließend den postgraduierten Kurs am deutschen Institut für Entwicklungspolitik (heute IDOS) absolviert.[\/wpml-string]","sameAs":["https:\/\/roger-peltzer.com\/ueber-mich\/"]}]}</script>
<!-- / Yoast SEO plugin. -->

[wpml-string context="pb-bioinfo" name="info-1"]70 Jahre alt, verheiratet, 3 Kinder und 4 Enkelkinder. Ich habe an der Universität Münster Volkswirtschaft studiert und anschließend den postgraduierten Kurs am deutschen Institut für Entwicklungspolitik (heute IDOS) absolviert.[/wpml-string]
